is 118 - 34695?
-34577
In base 16, what is -185 - -734c?
71c7
In base 11, what is 127a9 + -33138?
-2043a
In base 6, what is -2110252 - -40?
-2110212
In base 11, what is -56854 + -193?
-56a37
In base 8, what is -6 + 546116331?
546116323
In base 3, what is -2011 + 200202112012?
200202110001
In base 3, what is -121002220 + -100210?
-121110200
In base 6, what is 0 + -23451113241?
-23451113241
In base 6, what is -1444 - 13020351?
-13022235
In base 12, what is -2 + 9b837b?
9b8379
In base 15, what is -5acee9 + -3?
-5aceec
In base 13, what is 81 + 20c21b?
20c29c
In base 6, what is 2054114 + -13235?
2040435
In base 16, what is 2 + -1309508?
-1309506
In base 16, what is -3 - 5c57609?
-5c5760c
In base 9, what is 421 - -632?
1153
In base 10, what is 888556 + -84?
888472
In base 3, what is -112022212112012 + -1?
-112022212112020
In base 13, what is c + -17044c9?
-17044ba
In base 2, what is -1111001111011111010 + 110100100?
-1111001110101010110
In base 7, what is -102 + 16220523?
16220421
In base 2, what is 10010011101001101111 - 10?
10010011101001101101
In base 9, what is -157 + -230074?
-230242
In base 13, what is 0 - -2492c2?
2492c2
In base 7, what is -66544 - 610?
-100454
In base 16, what is a1225 + b?
a1230
In base 3, what is 212 + 2112011101?
2112012020
In base 12, what is -46 - -48142?
480b8
In base 16, what is -1 - bdddc7c?
-bdddc7d
In base 11, what is -10 - -30732864?
30732854
In base 16, what is 4 - 404a866?
-404a862
In base 7, what is 1 + -64421030?
-64421026
In base 5, what is -1033044 + -1143204?
-2231303
In base 16, what is 55b885 - -3?
55b888
In base 7, what is 11 + -166460405?
-166460364
In base 3, what is -22210002200 - -22?
-22210002101
In base 14, what is 445a1 + -54?
4454b
In base 7, what is -1446214016 - -4?
-1446214012
In base 6, what is 255030041 - 33?
255030004
In base 5, what is -1323321322342 + -10?
-1323321322402
In base 9, what is -210 + -465683?
-466003
In base 4, what is 2312031002212 - 11?
2312031002201
In base 11, what is -17 + -1a25aa2?
-1a26009
In base 9, what is -136 - 3153?
-3300
In base 4, what is -1032211122 - -30?
-1032211032
In base 8, what is -23545 - 626?
-24373
In base 7, what is -34 - 5153642?
-5154006
In base 16, what is 2f - 305fc6?
-305f97
In base 3, what is -1 + 10112022010102022?
10112022010102021
In base 13, what is -1 + 198a73?
198a72
In base 8, what is -113402065 + -47?
-113402134
In base 7, what is -1312132 + 24?
-1312105
In base 15, what is a669a + -6?
a6694
In base 16, what is -887c6f - d?
-887c7c
In base 16, what is -29d - 1c9d?
-1f3a
In base 13, what is -18 + b92c?
b914
In base 8, what is 1004654 - 7?
1004645
In base 10, what is 628949 - -18?
628967
In base 15, what is 6dba - 2a6d?
434c
In base 7, what is 1135124465 - -6?
1135124504
In base 16, what is 2e217 + -c?
2e20b
In base 7, what is 62243 + -5?
62235
In base 13, what is -1664c47 - 11?
-1664c58
In base 15, what is -1b + -1d3d3?
-1d3ee
In base 16, what is -9b - 12793?
-1282e
In base 6, what is 4 + -40014454?
-40014450
In base 8, what is 12 - -553730167?
553730201
In base 3, what is -1021211212 + 111022021?
-210112121
In base 13, what is -33b6239 - 6?
-33b6242
In base 13, what is 318 - 33826a?
-337c52
In base 13, what is -498b4712 - 4?
-498b4716
In base 10, what is -481508 - -19?
-481489
In base 6, what is 23 + -105100024?
-105100001
In base 5, what is 1004324314 - -11?
1004324330
In base 2, what is -10011010001110111001001101 + 0?
-10011010001110111001001101
In base 7, what is -125414 + -3504?
-132221
In base 15, what is 3 - 69b554?
-69b551
In base 11, what is -15904858 + a?
-15904849
In base 12, what is -b2 - -89376?
89284
In base 13, what is 20 + 21b85?
21ba5
In base 11, what is 1542 - -4577?
6009
In base 3, what is -1020 - 212000002202?
-212000010222
In base 14, what is 4 + -666712?
-66670c
In base 8, what is 134574154 + 3?
134574157
In base 10, what is -8001 + -423?
-8424
In base 8, what is -1533 + -450332?
-452065
In base 10, what is -2442 - 1097?
-3539
In base 6, what is 13 - -235404245?
235404302
In base 10, what is 1086 + -339?
747
In base 12, what is 177523 - -5?
177528
In base 4, what is -212300223121 - 3?
-212300223130
In base 9, what is 1205550 + -25?
1205524
In base 6, what is -11543442 - 153?
-11544035
In base 13, what is -24ba12b + 3?
-24ba128
In base 12, what is 1 + -7b0946?
-7b0945
In base 2, what is 110100100101 + 11100001010?
1010000101111
In base 4, what is 11000201 + 10202030?
21202231
In base 7, what is -2 + 13631620?
13631615
In base 6, what is -2444123151 + -1?
-2444123152
In base 15, what is 1d88 + 446?
22ce
In base 13, what is 2 - -331b0b6?
331b0b8
In base 8, what is 3 + -51337460?
-51337455
In base 4, what is -301121 + 131001323?
130100202
In base 12, what is -a + 14042?
14034
In base 12, what is 1406195 + -12?
1406183
In base 5, what is -4 + 1010310100011?
1010310100002
In base 6, what is -123235035 - 10?
-123235045
In base 10, what is -718407 + -12?
-718419
In base 8, what is 7611102 + 13?
7611115
In base 11, what is -1 + 194a7a3?
194a7a2
In base 11, what is -aa1 + 156881?
155890
In base 8, what is 46206 + 707?
47115
In base 7, what is -3005 + 3455?
450
In base 15, what is -2d499 - 9a?
-2d544
In base 6, what is -10120241022 - 4?
-10120241030
In base 6, what is 435505153 - -1?
435505154
In base 4, what is 11011310320020 + 3?
11011310320023
In base 13, what is 96 - -2b9a09?
2b9aa2
In base 7, what is -462124150 - -10?
-462124140
In base 13, what is 3c8b + 4995?
8953
In base 3, what is -11 - 1021201011211211?
-1021201011211222
In base 8, what is 3 + 367647304?
367647307
In base 11, what is 632008 - 6?
632002
In base 3, what is -20110001 - 21220200221?
-22011010222
In base 15, what is 6bc7a + -18?
6bc62
In base 5, what is 234004 - -3322?
242331
In base 11, what is -628132 + 0?
-628132
In base 14, what is 3da - 12831?
-12435
In base 2, what is 100 + 110011001101011110010?
110011001101011110110
In base 5, what is 33342440330 - 0?
33342440330
In base 12, what is 1b09a2 - -4aa?
1b1290
In base 15, what is 2 - 165406b?
-1654069
In base 6, what is 13 - 1040052323?
-1040052310
In base 5, what is 44212 + -204340?
-110123
In base 13, what is -15 - 103159?
-103171
In base 2, what is 100010111010011100110 + -101?
100010111010011100001
In base 9, what is -748 - -35564?
34715
In base 10, what is -5614 + -381?
-5995
In base 9, what is -3 + -37064785?
-37064788
In base 12, what is -155 - 73832?
-73987
In base 14, what is 2 + -144a414?
-144a412
In base 9, what is -3 - 1368741?
-1368744
In base 6, what is 503224 - -500?
504124
In base 4, what is -1002331010 + 1?
-1002331003
In base 9, what is -13817183 - -26?
-13817156
In base 13, what is -679 - 17b7a?
-18526
In base 14, what is 5637b27 + -1?
5637b26
In base 11, what is 2 - -9547039?
9547040
In base 2, what is -11111000100111101000001 + 100?
-11111000100111100111101
In base 4, what is -13211100333112 + 10?
-13211100333102
In base 11, what is 4329275 - 3?
4329272
In base 7, what is -64536 - -6434?
-55102
In base 2, what is -1111 - -110011000111000000010?
110011000110111110011
In base 12, what is -1105017 - 3?
-110501a
In base 9, what is -20853168 + 5?
-20853163
In base 10, what is 61 + -151382?
-151321
In base 2, what is 100111101110000001100010 - 11?
100111101110000001011111
In base 12, what is 2b8337 - -3?
2b833a
In base 2, what is -1 - 1101010110000010110010?
-1101010110000010110011
In base 2, what is -1 + 1000011111110011100111?
1000011111110011100110
In base 12, what is -2972424 + -8?
-2972430
In base 3, what is 121020 - 10201222112?
-10201101022
In base 11, what is -3700 + 30956?
28256
In base 13, what is -5 + -29a6c12?
-29a6c17
In base 8, what is -43527 + 171?
-43336
In base 3, what is -22000000010222010 + 20?
-22000000010221220
In base 5, what is -4011242010 + -2?
-4011242012
In base 8, what is 31172716 + 2?
31172720
In base 13, what is -38900 - -1812?
-370bb
In base 7, what is -1045415 + 210?
-1045205
In base 8, what is 5205565 + 5?
5205572
In base 6, what is 1334551505 - 14?
1334551451
In base 15, what is -2895447 + -4?
-289544b
In base 2, what is -1110111 + 11001000101001?
11000110110010
In base 16, what is -1 + 1656586?
1656585
In base 15, what is -e6472c8 - 5?
-e6472cd
In base 14, what is 2 - 930c08?
-930c06
In base 4, what is 20310 + 120110213?
120131123
In base 7, what is 